digit of 199475062?
2
What is the units digit of 43040802?
2
What is the units digit of 476857414?
4
What is the thousands digit of 1151795426?
5
What is the ten thousands digit of 187516490?
1
What is the units digit of 94662485?
5
What is the millions digit of 61071311?
1
What is the hundred thousands digit of 92201367?
2
What is the tens digit of 927650670?
7
What is the hundreds digit of 58455330?
3
What is the units digit of 591489735?
5
What is the hundred millions digit of 124108512?
1
What is the tens digit of 202301498?
9
What is the ten thousands digit of 1451371602?
7
What is the tens digit of 128619123?
2
What is the ten millions digit of 1136367422?
3
What is the hundreds digit of 324077141?
1
What is the tens digit of 839619703?
0
What is the hundreds digit of 9025052?
0
What is the thousands digit of 26025134?
5
What is the thousands digit of 83981812?
1
What is the thousands digit of 14541954?
1
What is the hundreds digit of 1043213650?
6
What is the hundreds digit of 1092861302?
3
What is the hundred thousands digit of 331051382?
0
What is the hundred thousands digit of 2869218?
8
What is the tens digit of 57156833?
3
What is the hundreds digit of 172647496?
4
What is the tens digit of 45348515?
1
What is the billions digit of 1081607748?
1
What is the ten millions digit of 993052860?
9
What is the units digit of 11538819?
9
What is the ten millions digit of 81180556?
8
What is the hundred thousands digit of 4125734757?
7
What is the tens digit of 414301346?
4
What is the units digit of 729337793?
3
What is the units digit of 36677016?
6
What is the hundred thousands digit of 2573109009?
1
What is the millions digit of 654295202?
4
What is the ten millions digit of 35237446?
3
What is the hundreds digit of 1691834670?
6
What is the ten thousands digit of 79501089?
0
What is the hundred millions digit of 3522218747?
5
What is the hundred thousands digit of 43557135?
5
What is the hundred millions digit of 314151496?
3
What is the thousands digit of 46482350?
2
What is the hundreds digit of 1826645452?
4
What is the hundred thousands digit of 66444553?
4
What is the hundreds digit of 2382540792?
7
What is the ten thousands digit of 1854619115?
1
What is the units digit of 55954781?
1
What is the hundred millions digit of 213566826?
2
What is the ten thousands digit of 20764842?
6
What is the hundreds digit of 4218676175?
1
What is the ten millions digit of 438702031?
3
What is the hundreds digit of 2123089003?
0
What is the units digit of 158067154?
4
What is the hundred thousands digit of 896317071?
3
What is the hundreds digit of 380765960?
9
What is the hundred millions digit of 215344475?
2
What is the thousands digit of 18302575?
2
What is the thousands digit of 403765760?
5
What is the ten thousands digit of 278380199?
8
What is the tens digit of 36617856?
5
What is the ten thousands digit of 504504958?
0
What is the thousands digit of 21043275?
3
What is the hundred thousands digit of 238528418?
5
What is the ten millions digit of 2795528443?
9
What is the ten thousands digit of 7000271220?
7
What is the thousands digit of 201554730?
4
What is the hundreds digit of 204904509?
5
What is the hundred thousands digit of 451031744?
0
What is the tens digit of 74245593?
9
What is the tens digit of 2225177696?
9
What is the millions digit of 1599266512?
9
What is the ten thousands digit of 17394592?
9
What is the ten millions digit of 1348585634?
4
What is the hundred millions digit of 2560625813?
5
What is the ten millions digit of 785174444?
8
What is the units digit of 1907904433?
3
What is the millions digit of 308514248?
8
What is the hundred thousands digit of 316104257?
1
What is the thousands digit of 29691229?
1
What is the millions digit of 41035966?
1
What is the ten millions digit of 298631425?
9
What is the tens digit of 829032239?
3
What is the tens digit of 199038343?
4
What is the hundred thousands digit of 1594191827?
1
What is the hundred millions digit of 4325497473?
3
What is the billions digit of 3789017738?
3
What is the hundred millions digit of 3706608550?
7
What is the units digit of 50086477?
7
What is the hundred thousands digit of 291590363?
5
What is the units digit of 2134509556?
6
What is the hundred thousands digit of 402093120?
0
What is the millions digit of 347439031?
7
What is the millions digit of 46062541?
6
What is the ten millions digit of 227878652?
2
What is the hundreds digit of 3439849885?
8
What is the tens digit of 2351028803?
0
What is the thousands digit of 785518852?
8
What is the ten millions digit of 74214884?
7
What is the millions digit of 21602326?
1
What is the ten thousands digit of 49479981?
7
What is the millions digit of 29832580?
9
What is the hundred thousands digit of 341435786?
4
What is the tens digit of 96244571?
7
What is the thousands digit of 6386242072?
2
What is the units digit of 659826748?
8
What is the hundreds digit of 1447288077?
0
What is the tens digit of 3503730713?
1
What is the millions digit of 138921512?
8
What is the hundreds digit of 616766309?
3
What is the thousands digit of 559931720?
1
What is the millions digit of 398156281?
8
What is the millions digit of 481881477?
1
What is the millions digit of 117709840?
7
What is the hundreds digit of 2205529750?
7
What is the tens digit of 27157009?
0
What is the millions digit of 24049692?
4
What is the hundred thousands digit of 243040889?
0
What is the hundred millions digit of 403506176?
4
What is the ten millions digit of 95233900?
9
What is the millions digit of 44582759?
4
What is the hundreds digit of 17515739?
7
What is the hundred thousands digit of 16840022?
8
What is the hundreds digit of 221488032?
0
What is the thousands digit of 253790908?
0
What is the millions digit of 226397567?
6
What is the ten thousands digit of 455641437?
4
What is the tens digit of 5600984?
8
What is the millions digit of 26927198?
6
What is the hundred thousands digit of 254379544?
3
What is the thousands digit of 738082785?
2
What is the units digit of 663983437?
7
What is the ten thousands digit of 562287348?
8
What is the hundred millions digit of 1688948535?
6
What is the tens digit of 4020523017?
1
What is the billions digit of 1286594141?
1
What is the hundreds digit of 24363739?
7
What is the ten thousands digit of 1559373?
5
What is the millions digit of 3658484044?
8
What is the tens digit of 1486541585?
8
What is the hundred thousands digit of 49342123?
3
What is the millions digit of 654828788?
4
What is the tens digit of 2321704355?
5
What is the units digit of 239095678?
8
What is the ten millions digit of 388857291?
8
What is the hundred thousands digit of 3335591588?
5
What is the ten thousands digit of 30381667?
8
What is the billions digit of 2280149157?
2
What is the thousands digit of 102487320?
7
What is the thousands digit of 359067843?
7
What is the hundred millions digit of 108477248?
1
What is the millions digit of 44018259?
4
What is the hundred thousands digit of 2883445709?
4
What is the ten thousands digit of 29668099?
6
What is the hundred thousands digit of 910743906?
7
What is the ten thousands digit of 393563928?
6
What is the hundred thousands digit of 39193095?
1
What is the ten millions digit of 81671508?
8
What is the hundreds digit of 34824771?
7
What is the hundreds digit of 11278397?
3
What is the billions digit of 2157995472?
2
What is the hundred thousands digit of 43040051?
0
What is the hundred thousands digit of 1367295444?
2
What is the ten thousands digit of 266294277?
9
What is the ten millions digit of 137501723?
3
What is the hundred thousands digit of 130397163?
3
What is the hundred thousands digit of 1228366471?
3
What is the ten millions digit of 1178537666?
7
What is the tens digit of 89729463?
6
What is the millions digit of 73089527?
3
What is the hundred millions digit of 163601736?
1
What is the thousands digit of 896738474?
8
What is the ten millions digit of 5162738505?
6
What is the hundreds digit of 68588593?
5
What is the hundred millions digit of 105569197?
1
What is the units digit of 7635917376?
6
What is the thousands digit of 9431331?
1
What is the hundreds digit of 79479605?
6
What is the hundreds digit of 2202671506?
5
What is the ten mi